 are the prime factors of (-525)/(-60) - z/4?
2
Suppose 10*x - 4*x = 36. Let t(f) = 25*f**2 + 3*f - 14. Let v be t(x). Suppose v = 6*r - 2*r. What are the prime factors of r?
2, 113
Let b(o) = -o**3 - 34*o**2 - 33*o - 2. Let q be b(-33). Let a(x) = 88*x**2 - 24*x - 43. What are the prime factors of a(q)?
3, 7, 17
Let u be 137770/(-35) - 10/(-35). What are the prime factors of -5 + (u/4)/(-3)?
17, 19
Suppose 4*o + 3*i = 9, 7*o - 5*i = 3*o - 15. Suppose p - 138 = a, p + 7*a - 3*a - 158 = o. List the prime factors of p.
2, 71
Suppose 4*k + 2*y + 6 = 3*k, 15 = -3*y. Suppose 336 = -12*v + k*v. Let c = -3 - v. List the prime factors of c.
3, 13
Let u = 55 + -76. Let s be (15/u - -1) + (-2)/7. Suppose -4*n = -q + 3*q - 236, 4*n - q - 242 = s. What are the prime factors of n?
2, 3, 5
Suppose -4*s = m + 2*m - 104, 5*m = -4*s + 96. Suppose -5*l + s + 1 = 0. Suppose l*d = -68 + 572. What are the prime factors of d?
2, 3, 7
Let k be (12/(-24))/(2 + (-3)/2). Let j be (2 + k)*(2 + -2 - 0). Suppose s + 36 - 108 = j. What are the prime factors of s?
2, 3
Let w(t) = 5*t**2 + 37*t - 533. What are the prime factors of w(44)?
5, 431
Let q(p) = -p**3 - 43*p**2 + 4*p + 20. Let f(w) = -w**3 - 22*w**2 + w + 10. Let y(h) = -5*f(h) + 3*q(h). List the prime factors of y(12).
2, 11, 37
List the prime factors of -7 + 635492/28 - 60/(-70).
2, 5, 2269
Let a(h) be the third derivative of h**5/20 + h**3/6 - 21*h**2. Let s be a(1). Let p(f) = 22*f + 5. What are the prime factors of p(s)?
3, 31
Let g be (11 - 6) + -2 + 629. Let m = -308 + g. What are the prime factors of m?
2, 3
Let q(y) = -8*y + 58. Let r be q(-7). Let k = r + -66. List the prime factors of k.
2, 3
Let b = 46 + -92. Let c be 5/15*b*-30. Suppose -5*i = -3*z - c, -z - 316 - 144 = -5*i. What are the prime factors of i?
2, 23
Let k(c) = 8*c - 312. Let p be k(39). Let d(n) = n**3 + 2*n**2 - 2*n + 1037. What are the prime factors of d(p)?
17, 61
Let n = 395 + -395. Suppose -2*v = -5*q - 592 + 32, 5*v - 2*q - 1358 = n. What are the prime factors of v?
2, 3, 5
Suppose -9*s = 2*s - 3927. Let y be 32/12*18/4. Suppose -s = y*p - 1785. List the prime factors of p.
7, 17
What are the prime factors of 2 + (-72)/8 - -4996?
3, 1663
Let f be (29/2 - 0)*(-28 + -10). Let m = 855 + f. What are the prime factors of m?
2, 19
Suppose 4*g = -51*c + 55*c - 16, 4*g + 2 = -3*c. Let a(v) = -373*v - 71. List the prime factors of a(g).
3, 5
Let z(b) = 859*b**3 - 3*b**2 + 2*b + 4. What are the prime factors of z(2)?
2, 17, 101
Let k(m) = -5*m**3 - 20*m**2 + 62*m - 52. List the prime factors of k(-16).
2, 3, 1193
Suppose -3825 = 5*i + 2*l - 302965, 5*l = -4*i + 239312. What are the prime factors of i?
2, 14957
Let s(k) = 4*k**2 - 206*k + 553. List the prime factors of s(80).
17, 569
Suppose 19*z + 26 = -50. What are the prime factors of z/30 + (-124832)/(-240)?
2, 5, 13
Let q(v) be the first derivative of -11*v**2/2 + 551*v + 178. What are the prime factors of q(0)?
19, 29
Let m = 190 + -176. Suppose -m*t + 5*t = -495. What are the prime factors of t?
5, 11
Let g(d) = 16*d - 31. Let x be g(-11). Let b = 78 - x. What are the prime factors of b?
3, 5, 19
Suppose -21*h = 18*h. List the prime factors of (-3686)/(-38) - (-3 - h).
2, 5
Let g(m) = -3*m**3 + 267*m**2 - 107*m + 93. List the prime factors of g(87).
2, 3, 2011
Let q(a) = 43*a + 66. Let f be q(-17). Let k = f + 1414. List the prime factors of k.
7, 107
Let q(c) = -c**2 + 11*c - 23. Let w be q(7). Suppose 6*u - w*b - 73 = 3*u, 3*b = 4*u - 90. Suppose 6*z + 2955 = u*z. What are the prime factors of z?
197
Let s = -3264 + 5540. Suppose 0 = 2*o, 3*i - 4*o - s = i. What are the prime factors of i?
2, 569
Suppose 239 = 2*c - w, -19*w = -5*c - 23*w + 591. Suppose 3*p = c + 118. What are the prime factors of p?
79
Suppose 19885 = -5*j + 2*t - 645, 0 = 3*j - 5*t + 12337. List the prime factors of 4/(-1) - (6 - j/(-6)).
2, 337
Let t = -21491 - -41767. What are the prime factors of t?
2, 37, 137
Let g(v) = 4*v + 41*v**2 - v - 3 + 0 + 45*v**2. Let s be g(1). Suppose -s = -i - 4*t, -t - t = -6. List the prime factors of i.
2, 37
List the prime factors of -9 + (32 - 23)*9021.
2, 3, 5, 11, 41
Let g be (-18)/42 - 51/(-21). Suppose -x - 4*o - 134 = g*x, -x - 3*o = 43. Let m = x - -118. List the prime factors of m.
2, 3
Let x = -580 - -585. Suppose -5*b - x*z - 52 = -3697, -5*b - z + 3653 = 0. What are the prime factors of b?
17, 43
Suppose 3*b - 2*b - 168 = -2*s, -b = -s + 78. Let n = -78 + s. Suppose -472 = -4*v - n*v. List the prime factors of v.
59
Suppose -4*i = -12*i + 40. Suppose -5*s + 824 = 4*g, -i*g - 825 = -5*s - 10*g. What are the prime factors of s?
2, 41
Let t be 401/2 - (-6)/(-12). Let l be (4 + t/(-6))*-3. Let o = 134 - l. What are the prime factors of o?
2, 23
Let n be 1/(9112/(-12192) + 3/4). Suppose -10*f + n = -799. Suppose -f = -3*h + 20. What are the prime factors of h?
2, 23
Let k(a) = -a**2 + 40*a - 107. Let s be k(3). Suppose 2*i = -i - z + 2075, -4*i - s*z = -2780. What are the prime factors of i?
2, 3, 5, 23
Let j be (-3476)/(-55)*(-1 + -24). What are the prime factors of (-4)/(2 - j/(-785))?
2, 157
Let f be 2/19 + 94770/(-342). Let h = f - -547. List the prime factors of h.
2, 3, 5
Let a(x) = -58*x**3 - x**2 + 6*x + 21. Suppose 0 = 48*l - 45*l + 6. List the prime factors of a(l).
7, 67
Let y = -123 - -125. Suppose -y*s + 4 = 0, 0 = m + s - 3*s - 233. List the prime factors of m.
3, 79
Let v(x) = -3*x**3 - 10*x + 26146. What are the prime factors of v(0)?
2, 17, 769
Suppose 0 = 14*f - 0*f - 42. Suppose 0 = 3*u + 5*z + 19, -f*u + 3*z + 10 = -11. Suppose u*h - 4*h + 14 = 0. List the prime factors of h.
7
What are the prime factors of 8/(-2) - -659*(-15 - -20)?
3, 1097
Let m(u) = u**3 - 41*u**2 + 73*u - 256. List the prime factors of m(40).
2, 7, 19
List the prime factors of 4939312/448 - 10/8.
2, 13, 53
Let x be (-2)/((-4017)/(-2010) - 2). List the prime factors of ((-11)/(-2))/(10/x).
11, 67
Suppose 273*i = 227*i + 150420. What are the prime factors of i?
2, 3, 5, 109
Let v(o) be the first derivative of o**3/3 - 11*o**2/2 + 21*o - 13. Let q be v(9). Let a(w) = 7*w**2 - 2*w. List the prime factors of a(q).
3, 19
Suppose -5*q + q - 3*f = 328, -3*f = 0. Let t be 14455/(-490) + 2/4. Let n = t - q. What are the prime factors of n?
53
Let t = -804 + 832. List the prime factors of (-60)/18*-9*(t + 4).
2, 3, 5
Suppose 8*g = 37 + 35. Suppose -6 = -3*h, 2*i + g = i + 4*h. What are the prime factors of i*1552/(-10) - (-11)/(-55)?
5, 31
Suppose 0 = 142*l - 304*l + 151*l + 253000. What are the prime factors of l?
2, 5, 23
Suppose 7*p + 5133 = 17628. Suppose -7*h + 2464 = -p. List the prime factors of h.
607
What are the prime factors of (-27589 + -12 - 13)/(-2)?
13807
Let o(u) = 67 + 72 + 2*u + 109 - 128. List the prime factors of o(11).
2, 71
Suppose -142*s = -134706 - 91074. What are the prime factors of s?
2, 3, 5, 53
Let z = 38080 + -21054. What are the prime factors of z?
2, 8513
List the prime factors of 4/(240/15) - 5031/(-4).
2, 17, 37
Let j(z) = 3*z + 26. Let o be (2 + -1)/((-10)/(-80)). Let p be 1 - (-62)/o - (-12)/(-16). What are the prime factors of j(p)?
2, 5
Let q = 671 - 641. Let s be 7/(-1)*24/7. What are the prime factors of 80/(-2)*q/s?
2, 5
Let n be -1 - -6*(-10)/(-8)*-10. Let u = n + 150. Let w = -24 + u. What are the prime factors of w?
2, 5
Let s be -3 - (4 + -15 - -4). Suppose -5*q + 6 = -s. Suppose 0 = u - q, 2*h - 2*u - 85 = h. What are the prime factors of h?
89
Let j(z) = z**3 - 3*z**2 - 5*z - 11. Let n be j(0). Let u(r) = -26*r + 48. What are the prime factors of u(n)?
2, 167
What are the prime factors of (215/45*-3)/(((-48)/3114)/8)?
43, 173
Suppose 7*u - 13*u + 18 = 0. Suppose u = 5*r + 13. Let k(t) = 29*t**2 + 2*t - 2. What are the prime factors of k(r)?
2, 5, 11
Suppose -73*u - 44*u + 1106808 = -10*u. What are the prime factors of u?
2, 3, 431
Suppose -2*b - 3*p = -1736, 14*p = -5*b + 16*p + 4340. What are the prime factors of b?
2, 7, 31
Let q(u) = -671*u**3 + 3*u**2 + 4*u + 6. List the prime factors of q(-2).
2, 2689
Let c = -23763 - -34235. List the prime factors of c.
2, 7, 11, 17
Let p = -9111 - -20037. What are the prime factors of p?
2, 3, 607
Let l(d) = 859*d**3 + 6*d**2 - 3*d - 4. Let n be l(1). Suppose 90*o - 91*o - 4*s = -n, 5*o = -3*s + 4341. 